 -m + 5. Let y be f(5). Let b be (-3 + 7)/4 + y. What are the prime factors of (8 - -4) + (-1 - b)?
2, 5
Suppose 2*t - 162 = 3*h + 554, -4*h = -5*t + 1776. Let g be t/7 - 12/42. Suppose 0 = 3*f + 5*a - g, 3*f - 2*f + 2*a = 16. List the prime factors of f.
2, 5
Let v = -9 - -4. Let y(x) = x**3 + 4*x**2 - 2*x. Let w be y(v). What are the prime factors of 6/15 - 24/w?
2
Suppose 3*y = r - 95 - 193, -1202 = -4*r + 2*y. What are the prime factors of r?
3, 101
Let s(b) be the third derivative of 3*b**4/4 + b**3/3 + 20*b**2. What are the prime factors of s(6)?
2, 5, 11
Suppose 2*k = -3*k - 150. List the prime factors of ((-246)/k)/(2/10).
41
Let s(n) = -14*n**2 + n + 1. Let g be s(1). Let b(t) = t**2 + 5*t - 18. What are the prime factors of b(g)?
2, 3, 11
Suppose -66 = -4*u + 22. Suppose 0 = -u*b + 20*b + 132. List the prime factors of b.
2, 3, 11
Let d be (1 - 12/(-9))*1*-3. Let g(w) = -w**3 - 4*w**2 + 4*w - 2. List the prime factors of g(d).
3, 13
What are the prime factors of -1 + 2885 + 1 + -21 + 20?
2, 7, 103
Let q = -124 + 126. Let y = -40 - -64. Suppose -q*m + 102 = -y. What are the prime factors of m?
3, 7
List the prime factors of (-14 + 13)/(5/(-4035)).
3, 269
Let t be (1 - -2)*32/12. Let k be 96 + 5/(20/t). List the prime factors of k/4 - 5/(-10).
5
Let a(f) = -f**2 + 12*f + 9. Let c be a(13). Let j(g) = -9*g + 9. List the prime factors of j(c).
3, 5
Let v(a) = a + 30. Let c be v(0). What are the prime factors of (c - 23)*228/14?
2, 3, 19
Suppose -2*r + 325 + 299 = 0. Suppose -r = 5*q - 11*q. What are the prime factors of q?
2, 13
Suppose 2*q - 2*m + 513 = m, -3*m = -3*q - 777. Let n = 374 + q. Let p = n - 72. List the prime factors of p.
2, 19
Suppose -25 = i - 6*i. Suppose -6*g + 59 = -i*g. List the prime factors of g.
59
Suppose r + 1 + 1 = 0. Let i be (r + -13)/(3/(-2)). Let u(l) = l**3 - 9*l**2 - 6*l - 3. What are the prime factors of u(i)?
37
Suppose 2*j - 2*l - 564 = -4*l, 3*j = 3*l + 828. Suppose -5*r + 1 + 14 = 0, 5*r - j = -4*b. List the prime factors of b.
2, 3, 11
Suppose -r - 4*r - 70 = 5*h, -5*h - 90 = -5*r. Let q = 50 - h. Let u = q - 34. What are the prime factors of u?
2
Let f be 878/10 + 11/55. Suppose -4*t - f = -268. List the prime factors of 145/t - (-4)/(-18).
3
Let y = 13 + -2. Suppose -x + 10 + y = 0. Suppose 0 = -3*w + 69 - x. List the prime factors of w.
2
Let w be 2/6 - (-176)/(-33). Let l = w - -17. Suppose 4*d - 115 = -3*v - l, v - 41 = -3*d. List the prime factors of v.
29
Let u(q) = -2*q - 3*q + q - 3. Let c be u(-2). Suppose 15 = c*m - 30. List the prime factors of m.
3
Suppose -13 = 2*n - 5*s, -5*s + 57 = 2*n + 20. List the prime factors of n/4 - ((-1176)/16 - 6).
3
Suppose -5085 = -6*t - 3*q, -4*t = 2*q + q - 3385. What are the prime factors of t?
2, 5, 17
Let b(k) = 2*k**2 + 2*k + 1. Let g be b(-3). Suppose g*q - 11*q = 4. What are the prime factors of (147/6*q)/1?
7
Let w(g) = -g**3 - 5*g**2 + 7*g + 6. Let v be w(-6). Suppose v = -3*f - 347 - 61. What are the prime factors of f/(-6) - (-4)/(-6)?
2, 11
Let d = -79 + 84. Suppose d*a - 3*t = 587, -2*a + t = a - 353. List the prime factors of a.
2, 59
Suppose 17*o - 4 = 13*o. What are the prime factors of (-4)/o + -291*5/(-15)?
3, 31
What are the prime factors of 1354 - (2 - (0 + 0)) - -1?
3, 11, 41
Let l be 3 + (-1 + -3 - -4). What are the prime factors of (-1)/((-1)/101) - (-6)/l?
103
Let t = -70 + 131. Let h = t - 37. List the prime factors of h.
2, 3
Let n = -284 - -1169. What are the prime factors of n?
3, 5, 59
Let g(a) = a**2 + 6*a - 28. Let x be g(-9). What are the prime factors of -4*x/1*1353/82?
2, 3, 11
Let a(o) = -6*o - 61. Let u(w) = 11*w + 121. Let k(s) = 5*a(s) + 3*u(s). What are the prime factors of k(0)?
2, 29
Suppose c + 10 = -s + 2*s, 0 = -5*s - 4*c + 32. Let v(m) = m**3 - 8*m**2 - 6*m + 4. Let j be v(s). Let u = -31 - j. List the prime factors of u.
13
Suppose 3*f + 3*w - 204 = -57, -2*w = -3*f + 172. Suppose k = -k + f. List the prime factors of k.
3
Let s = 31 - 14. Let w = s - -93. List the prime factors of w/11 - (-1 - -4).
7
Suppose 4 = 4*h - 4. Suppose h*i = -3*z - 21, -2*i - 19 = 5*z - 4*i. List the prime factors of (2/7)/(z/(-35)).
2
Let o = 12 - 7. Suppose -3*v + 336 = -2*y + 5*y, o*y + 4*v - 560 = 0. List the prime factors of y.
2, 7
Let o(f) = f**3 - 3*f**2 - f - 5. Let q be o(4). Suppose -3*t - 1 = -q. Suppose -t*v + 64 = -0*v. What are the prime factors of v?
2
Suppose -6*p + 1633 = -239. Suppose 3*f = 414 + p. What are the prime factors of f?
2, 11
Let z(l) = -l**2 - 8*l + 3. Let w be z(-5). Let o(c) = c**3 + 15*c**2 + 10*c - 35. Let p be o(-14). Let b = p - w. List the prime factors of b.
3
Suppose 0 = -3*y + 5*y - 4*t - 7736, 3*y - 4*t = 11608. What are the prime factors of y?
2, 11
Let k(a) = -4*a - 74 + 77 + 0*a + a**3 - 10*a**2. What are the prime factors of k(11)?
2, 5
Let n be 47 + (-1 - (-1 - -3)). Let s = n - 26. List the prime factors of s.
2, 3
Let p(b) = 4*b**2 - 1. Let a be p(6). Suppose -4*y + a - 47 = 0. List the prime factors of y.
2, 3
Let c = 962 - 529. What are the prime factors of c?
433
Suppose -8 = -2*z, -12 = 2*t - 2*z + z. Let u = t - -12. What are the prime factors of 82/4 + (-12)/u?
19
Suppose -6*b - 446 = -o - b, -1809 = -4*o - 5*b. List the prime factors of o.
11, 41
Let p = 2740 - 1552. What are the prime factors of p?
2, 3, 11
Let o = 22 - 14. List the prime factors of (4/(o/3))/(21/1904).
2, 17
Suppose -3*l = l - 112. Let s be (-2 - -14)*(-35)/(-5). Let z = s - l. List the prime factors of z.
2, 7
List the prime factors of -208*(-5 - 0)/5.
2, 13
Let h = -314 - -634. Suppose 6*q - q - 5*y = h, -196 = -3*q - y. What are the prime factors of q?
5, 13
Suppose 4*f - 3*y - 2 = -y, -5*f - 17 = 4*y. What are the prime factors of (2*21)/(-3 - f - -3)?
2, 3, 7
Suppose 14*k = 10*k - 4*u + 5216, 3*u + 3918 = 3*k. List the prime factors of k.
3, 5, 29
Let l(u) = -u**3 + 2*u**2 + u + 68. What are the prime factors of l(0)?
2, 17
What are the prime factors of 288/(5 - -13)*77/1?
2, 7, 11
Let k(w) = 33*w + 9. What are the prime factors of k(27)?
2, 3, 5
Let c(j) = -j**3 - 11*j**2 + 7*j - 20. Let m be c(-9). Let x = -134 - m. List the prime factors of x.
3, 37
Let c(d) = d**3 + d**2 - d + 2. Let t be c(-3). Let y = 56 - t. List the prime factors of y.
3, 23
Let c(d) = d**2 + 3*d + 4. Let o be c(-3). Let l = 41 - 10. Suppose -3*p + o*p = l. List the prime factors of p.
31
Let g = -114 + 125. Suppose s + g - 117 = 0. What are the prime factors of s?
2, 53
Suppose 0 = -3*r - 9*r + 36. Suppose -3*b + 549 = r*j, -167 = -2*b + 4*j + 229. What are the prime factors of b?
2, 47
Let r(m) = -m - 3. Let k be r(-6). Suppose k*o = -2*o. Suppose o = -2*j + 42. What are the prime factors of j?
3, 7
Let a be 4*1 - (-6 + 4). Suppose -7*w + 89 = -a*w. What are the prime factors of w?
89
Let u(d) = -6*d - 24. Let p be u(-8). Suppose p = 2*o + 2. List the prime factors of o.
11
Suppose -33*m + 36*m + 6301 = 2*v, 5*m = -2*v + 6325. List the prime factors of v.
5, 631
Let k = 463 + -297. Let t = 275 - k. List the prime factors of t.
109
Suppose -17263 - 7476 = -11*t. What are the prime factors of t?
13, 173
Let n(z) = 2 + 11*z + 0 + 15*z - 4. Let i be n(3). Let o = i + -53. What are the prime factors of o?
23
List the prime factors of (340/(-2))/(9 + 290/(-30)).
3, 5, 17
Let c(t) = 19*t + 2. Let n(m) = m**2 + 10*m + 8. Let j be n(-9). Let d be c(j). Let l = -10 - d. What are the prime factors of l?
7
Suppose 3*t + 2*t - 30 = 0. Suppose 553 = t*w - 113. What are the prime factors of w?
3, 37
Let g(b) = -b**3 - 61*b**2 + b + 4378. List the prime factors of g(0).
2, 11, 199
Let l(j) = j**3 - j**2 - 11*j + 18. What are the prime factors of l(8)?
2, 3, 7
Let k = 20 - 12. Let a(m) = 11*m - 16. Let u(v) = 6*v - 8. Let p(c) = 3*a(c) - 5*u(c). What are the prime factors of p(k)?
2
Suppose -5*x + 4*x = 12. What are the prime factors of (-320)/(-28) + x/28?
11
Let s(b) = b**2 - b - 5. Let m be s(4). Suppose -m*x = -11*x + 8. Suppose 0 = -5*d + 5*o + 325, -3*d = -7*d - x*o + 272. What are the prime factors of d?
67
What are the prime factors of 98/(-35)*(-1518 + 8)?
2, 7, 151
Let y(s) be the first derivative of -s**4/4 - 4*s**3/3 + 15*s**2/2 + 8*s - 10. Let o be y(-6). Let l(x) = -x + 14. List the prime factors of l(o).
2, 3
Suppose -401 =